{"id":130,"date":"2024-12-19T10:19:53","date_gmt":"2024-12-19T10:19:53","guid":{"rendered":"https:\/\/www.borneogungdomspsykiater.dk\/?page_id=130"},"modified":"2024-12-19T10:21:17","modified_gmt":"2024-12-19T10:21:17","slug":"nyttige-links","status":"publish","type":"page","link":"https:\/\/www.borneogungdomspsykiater.dk\/?page_id=130","title":{"rendered":"Nyttige Links"},"content":{"rendered":"\t\t<div data-elementor-type=\"wp-page\" data-elementor-id=\"130\" class=\"elementor elementor-130\" data-elementor-post-type=\"page\">\n\t\t\t\t<div class=\"elementor-element elementor-element-a1f221d e-flex e-con-boxed e-con e-parent\" data-id=\"a1f221d\" data-element_type=\"container\" data-e-type=\"container\">\n\t\t\t\t\t<div class=\"e-con-inner\">\n\t\t\t\t<div class=\"elementor-element elementor-element-976275c elementor-widget elementor-widget-heading\" data-id=\"976275c\" data-element_type=\"widget\" data-e-type=\"widget\" data-widget_type=\"heading.default\">\n\t\t\t\t<div class=\"elementor-widget-container\">\n\t\t\t\t\t<h2 class=\"elementor-heading-title elementor-size-default\">Nyttige links<\/h2>\t\t\t\t<\/div>\n\t\t\t\t<\/div>\n\t\t\t\t\t<\/div>\n\t\t\t\t<\/div>\n\t\t<div class=\"elementor-element elementor-element-f24d9dd e-flex e-con-boxed e-con e-parent\" data-id=\"f24d9dd\" data-element_type=\"container\" data-e-type=\"container\">\n\t\t\t\t\t<div class=\"e-con-inner\">\n\t\t\t\t<div class=\"elementor-element elementor-element-1c9a16c elementor-widget elementor-widget-text-editor\" data-id=\"1c9a16c\" data-element_type=\"widget\" data-e-type=\"widget\" data-widget_type=\"text-editor.default\">\n\t\t\t\t<div class=\"elementor-widget-container\">\n\t\t\t\t\t\t\t\t\t<p><strong>Nyttige links<\/strong><\/p><p>Her findes lidt emneopdelte links af forskellig slags, hvor det evt. kunne v\u00e6re interssant at finde yderligere viden.<\/p><p><strong>Generelle sundhedsoplysninger, herunder om medicin:<\/strong><br \/><a href=\"http:\/\/www.sundhed.dk\/\">www.sundhed.dk<\/a><br \/><a href=\"http:\/\/www.medicinmedfornuft.dk\/\">www.medicinmedfornuft.dk<\/a><br \/><a href=\"http:\/\/www.laegehaandbogen.dk\/\">www.Laegehaandbogen.dk<\/a><br \/><br \/><strong>Depression og selvmordstanker:<\/strong><br \/><a href=\"http:\/\/www.livslinien.dk\/\">www.Livslinien.dk<\/a><br \/><br \/><strong>ADHD:<\/strong><br \/><a href=\"https:\/\/adhd.dk\/\">www.ADHD.dk<\/a><br \/><br \/><strong>Tvangstanker og tvangshandlinger, ogs\u00e5 kaldet OCD:<\/strong><br \/><a href=\"http:\/\/www.ocd-foreningen.dk\/\">www.ocd-foreningen.dk<\/a><br \/><br \/><strong>Angst:<\/strong><br \/><a href=\"http:\/\/www.angstforeningen.dk\/\">www.angstforeningen.dk<\/a><br \/><br \/><strong>Spiseforstyrrelse som anoreksi, bulimi, overspisning, selvskadende adf\u00e6rd:<\/strong><br \/><a href=\"http:\/\/www.spiseforstyrrelser.dk\/\">www.spiseforstyrrelser.dk<\/a><br \/><br \/><strong>Tics og tourette: Dansk Tourette forening:<\/strong><br \/>Videncenter for autisme arbejder med at indsamle, bearbejde og formidle viden om autisme.<br \/>Landsforeningen Autisme har til form\u00e5l at bidrage til, at der skabes de bedst mulige vilk\u00e5r for b\u00f8rn\/voksne med autismes behandling samt at formidle oplysning til hjemmene.<br \/><a href=\"https:\/\/www.tourette.dk\/\">www.tourette.dk<\/a><br \/><br \/><strong>Aspergerforeningen:<\/strong><br \/>Foreningen er et m\u00f8dested og en interesseorganisation for mennesker med Aspergers syndrom.<br \/><br \/>Rapporter en utilsigtet h\u00e6ndelse, information herom.<br \/><a href=\"http:\/\/www.dpsd.dkdk\/\">www.dpsd.dk<\/a><\/p><p>\u00a0<\/p>\t\t\t\t\t\t\t\t<\/div>\n\t\t\t\t<\/div>\n\t\t\t\t\t<\/div>\n\t\t\t\t<\/div>\n\t\t\t\t<\/div>\n\t\t","protected":false},"excerpt":{"rendered":"<p>Nyttige links Nyttige links Her findes lidt emneopdelte links af forskellig slags, hvor det evt. kunne v\u00e6re interssant at finde yderligere viden. Generelle sundhedsoplysninger, herunder om medicin:www.sundhed.dkwww.medicinmedfornuft.dkwww.Laegehaandbogen.dk Depression og selvmordstanker:www.Livslinien.dk ADHD:www.ADHD.dk Tvangstanker og tvangshandlinger, ogs\u00e5 kaldet OCD:www.ocd-foreningen.dk Angst:www.angstforeningen.dk Spiseforstyrrelse som anoreksi, bulimi, overspisning, selvskadende adf\u00e6rd:www.spiseforstyrrelser.dk Tics og tourette: Dansk Tourette forening:Videncenter for autisme arbejder med [&hellip;]<\/p>\n","protected":false},"author":1,"featured_media":0,"parent":0,"menu_order":0,"comment_status":"closed","ping_status":"closed","template":"","meta":{"footnotes":""},"class_list":["post-130","page","type-page","status-publish","hentry"],"_links":{"self":[{"href":"https:\/\/www.borneogungdomspsykiater.dk\/index.php?rest_route=\/wp\/v2\/pages\/130","targetHints":{"allow":["GET"]}}],"collection":[{"href":"https:\/\/www.borneogungdomspsykiater.dk\/index.php?rest_route=\/wp\/v2\/pages"}],"about":[{"href":"https:\/\/www.borneogungdomspsykiater.dk\/index.php?rest_route=\/wp\/v2\/types\/page"}],"author":[{"embeddable":true,"href":"https:\/\/www.borneogungdomspsykiater.dk\/index.php?rest_route=\/wp\/v2\/users\/1"}],"replies":[{"embeddable":true,"href":"https:\/\/www.borneogungdomspsykiater.dk\/index.php?rest_route=%2Fwp%2Fv2%2Fcomments&post=130"}],"version-history":[{"count":4,"href":"https:\/\/www.borneogungdomspsykiater.dk\/index.php?rest_route=\/wp\/v2\/pages\/130\/revisions"}],"predecessor-version":[{"id":134,"href":"https:\/\/www.borneogungdomspsykiater.dk\/index.php?rest_route=\/wp\/v2\/pages\/130\/revisions\/134"}],"wp:attachment":[{"href":"https:\/\/www.borneogungdomspsykiater.dk\/index.php?rest_route=%2Fwp%2Fv2%2Fmedia&parent=130"}],"curies":[{"name":"wp","href":"https:\/\/api.w.org\/{rel}","templated":true}]}}