{"id":8,"date":"2024-12-19T08:46:01","date_gmt":"2024-12-19T08:46:01","guid":{"rendered":"https:\/\/www.borneogungdomspsykiater.dk\/?page_id=8"},"modified":"2026-03-11T09:01:49","modified_gmt":"2026-03-11T09:01:49","slug":"forside","status":"publish","type":"page","link":"https:\/\/www.borneogungdomspsykiater.dk\/","title":{"rendered":"Forside"},"content":{"rendered":"\t\t<div data-elementor-type=\"wp-page\" data-elementor-id=\"8\" class=\"elementor elementor-8\" data-elementor-post-type=\"page\">\n\t\t\t\t<div class=\"elementor-element elementor-element-37bdea8 e-flex e-con-boxed e-con e-parent\" data-id=\"37bdea8\" data-element_type=\"container\" data-e-type=\"container\">\n\t\t\t\t\t<div class=\"e-con-inner\">\n\t\t\t\t<div class=\"elementor-element elementor-element-a23e439 elementor-widget elementor-widget-heading\" data-id=\"a23e439\" data-element_type=\"widget\" data-e-type=\"widget\" data-widget_type=\"heading.default\">\n\t\t\t\t<div class=\"elementor-widget-container\">\n\t\t\t\t\t<h2 class=\"elementor-heading-title elementor-size-default\"><a href=\"https:\/\/www.borneogungdomspsykiater.dk\">Velkommen hos B\u00f8rne- og ungdomspsykiatrisk klinik ved Camilla Hald Brevig<\/a><\/h2>\t\t\t\t<\/div>\n\t\t\t\t<\/div>\n\t\t\t\t\t<\/div>\n\t\t\t\t<\/div>\n\t\t<div class=\"elementor-element elementor-element-18a7e26 e-flex e-con-boxed e-con e-parent\" data-id=\"18a7e26\" data-element_type=\"container\" data-e-type=\"container\">\n\t\t\t\t\t<div class=\"e-con-inner\">\n\t\t\t\t<div class=\"elementor-element elementor-element-cb8427f elementor-widget__width-initial elementor-widget elementor-widget-image\" data-id=\"cb8427f\" data-element_type=\"widget\" data-e-type=\"widget\" data-widget_type=\"image.default\">\n\t\t\t\t<div class=\"elementor-widget-container\">\n\t\t\t\t\t\t\t\t\t\t\t\t\t\t\t<img fetchpriority=\"high\" decoding=\"async\" width=\"800\" height=\"556\" src=\"https:\/\/www.borneogungdomspsykiater.dk\/wp-content\/uploads\/2026\/03\/billede-forside.jpg-jakke-1024x712.jpg\" class=\"attachment-large size-large wp-image-261\" alt=\"\" srcset=\"https:\/\/www.borneogungdomspsykiater.dk\/wp-content\/uploads\/2026\/03\/billede-forside.jpg-jakke-1024x712.jpg 1024w, https:\/\/www.borneogungdomspsykiater.dk\/wp-content\/uploads\/2026\/03\/billede-forside.jpg-jakke-300x209.jpg 300w, https:\/\/www.borneogungdomspsykiater.dk\/wp-content\/uploads\/2026\/03\/billede-forside.jpg-jakke-768x534.jpg 768w, https:\/\/www.borneogungdomspsykiater.dk\/wp-content\/uploads\/2026\/03\/billede-forside.jpg-jakke-1536x1068.jpg 1536w, https:\/\/www.borneogungdomspsykiater.dk\/wp-content\/uploads\/2026\/03\/billede-forside.jpg-jakke-2048x1423.jpg 2048w\" sizes=\"(max-width: 800px) 100vw, 800px\" \/>\t\t\t\t\t\t\t\t\t\t\t\t\t\t\t<\/div>\n\t\t\t\t<\/div>\n\t\t\t\t\t<\/div>\n\t\t\t\t<\/div>\n\t\t<div class=\"elementor-element elementor-element-d195521 e-flex e-con-boxed e-con e-parent\" data-id=\"d195521\" data-element_type=\"container\" data-e-type=\"container\">\n\t\t\t\t\t<div class=\"e-con-inner\">\n\t\t\t\t<div class=\"elementor-element elementor-element-9de853b elementor-widget elementor-widget-text-editor\" data-id=\"9de853b\" data-element_type=\"widget\" data-e-type=\"widget\" data-widget_type=\"text-editor.default\">\n\t\t\t\t<div class=\"elementor-widget-container\">\n\t\t\t\t\t\t\t\t\t<p>Det kan du her p\u00e5 hjemmesiden:<\/p><ul><li><strong>Forny recepter<\/strong>\u00a0af tidligere ordineret medicin<\/li><li>Forel\u00e6gge begr\u00e6nsede problemstillinger via\u00a0<strong>E-konsultation<\/strong>. Svar indenfor ca. 5 hverdage<\/li><li>L\u00e6se udvalgte informationer.<\/li><\/ul><p>\u00a0<\/p><p>Vedr. betaling:<\/p><p>Unders\u00f8gelse og behandling i klinikken er gratis, idet klinikken har et ydernummer. Det betyder, at klinikken har en aftale med Regionen. Regionen d\u00e6kker ogs\u00e5 en enkel skrivelse i forbindelse med f.eks. udredning. Yderligere attester og skrivelser er ikke d\u00e6kket af sygesikringen, og det er derfor egenbetaling.<\/p><p>Det kan f.eks. dreje sig om rejsepas, udtalelse vedr. k\u00f8rekort, ekstra SU samt dokumentation for diagnose.<\/p><p>Betaling kan foreg\u00e5 via MobilePay eller ved indbetaling via banken.<\/p><p>Eksempler:<\/p><p>SU ekstra: 500 kr.<\/p><p>K\u00f8rekort: 500 kr.<\/p><p>Rejsepas\/medicinpas p\u00e5 engelsk: 300 kr.<\/p><p>Diagnose brev til ungdomsuddannelse: 300 kr.<\/p><p>Ekstra udtalelse: afh\u00e6nger af omfang.<\/p><p class=\"gmail-normal\" style=\"margin: 1.0pt 0cm 1.0pt 0cm;\"><span class=\"gmail-tm5\"><span style=\"font-family: 'Times New Roman',serif; color: black;\">\u00a0<\/span><\/span><\/p><p class=\"gmail-normal\" style=\"margin: 1.0pt 0cm 1.0pt 0cm;\">\u00a0<\/p>\t\t\t\t\t\t\t\t<\/div>\n\t\t\t\t<\/div>\n\t\t\t\t\t<\/div>\n\t\t\t\t<\/div>\n\t\t<div class=\"elementor-element elementor-element-0b89c34 e-grid e-con-boxed e-con e-parent\" data-id=\"0b89c34\" data-element_type=\"container\" data-e-type=\"container\">\n\t\t\t\t\t<div class=\"e-con-inner\">\n\t\t\t\t<div class=\"elementor-element elementor-element-f10d73c elementor-align-justify elementor-widget__width-inherit elementor-widget elementor-widget-button\" data-id=\"f10d73c\" data-element_type=\"widget\" data-e-type=\"widget\" data-widget_type=\"button.default\">\n\t\t\t\t<div class=\"elementor-widget-container\">\n\t\t\t\t\t\t\t\t\t<div class=\"elementor-button-wrapper\">\n\t\t\t\t\t<a class=\"elementor-button elementor-button-link elementor-size-sm elementor-animation-pulse-grow\" href=\"https:\/\/www.sundhed.dk\/borger\/min-side\/min-sundhedsjournal\/medicinkortet\/\">\n\t\t\t\t\t\t<span class=\"elementor-button-content-wrapper\">\n\t\t\t\t\t\t\t\t\t<span class=\"elementor-button-text\">Receptfornyelse<\/span>\n\t\t\t\t\t<\/span>\n\t\t\t\t\t<\/a>\n\t\t\t\t<\/div>\n\t\t\t\t\t\t\t\t<\/div>\n\t\t\t\t<\/div>\n\t\t\t\t<div class=\"elementor-element elementor-element-53592b7 elementor-align-justify elementor-widget__width-inherit elementor-widget elementor-widget-button\" data-id=\"53592b7\" data-element_type=\"widget\" data-e-type=\"widget\" data-widget_type=\"button.default\">\n\t\t\t\t<div class=\"elementor-widget-container\">\n\t\t\t\t\t\t\t\t\t<div class=\"elementor-button-wrapper\">\n\t\t\t\t\t<a class=\"elementor-button elementor-button-link elementor-size-sm elementor-animation-pulse\" href=\"https:\/\/www.borneogungdomspsykiater.dk\/?page_id=112\">\n\t\t\t\t\t\t<span class=\"elementor-button-content-wrapper\">\n\t\t\t\t\t\t\t\t\t<span class=\"elementor-button-text\">E-konsultation<\/span>\n\t\t\t\t\t<\/span>\n\t\t\t\t\t<\/a>\n\t\t\t\t<\/div>\n\t\t\t\t\t\t\t\t<\/div>\n\t\t\t\t<\/div>\n\t\t\t\t\t<\/div>\n\t\t\t\t<\/div>\n\t\t<div class=\"elementor-element elementor-element-81caf0f e-flex e-con-boxed e-con e-parent\" data-id=\"81caf0f\" data-element_type=\"container\" data-e-type=\"container\">\n\t\t\t\t\t<div class=\"e-con-inner\">\n\t\t\t\t<div class=\"elementor-element elementor-element-dc9d116 elementor-widget elementor-widget-spacer\" data-id=\"dc9d116\" data-element_type=\"widget\" data-e-type=\"widget\" data-widget_type=\"spacer.default\">\n\t\t\t\t<div class=\"elementor-widget-container\">\n\t\t\t\t\t\t\t<div class=\"elementor-spacer\">\n\t\t\t<div class=\"elementor-spacer-inner\"><\/div>\n\t\t<\/div>\n\t\t\t\t\t\t<\/div>\n\t\t\t\t<\/div>\n\t\t\t\t\t<\/div>\n\t\t\t\t<\/div>\n\t\t\t\t<\/div>\n\t\t","protected":false},"excerpt":{"rendered":"<p>Velkommen hos B\u00f8rne- og ungdomspsykiatrisk klinik ved Camilla Hald Brevig<\/p>\n","protected":false},"author":1,"featured_media":0,"parent":0,"menu_order":0,"comment_status":"closed","ping_status":"closed","template":"","meta":{"footnotes":""},"class_list":["post-8","page","type-page","status-publish","hentry"],"_links":{"self":[{"href":"https:\/\/www.borneogungdomspsykiater.dk\/index.php?rest_route=\/wp\/v2\/pages\/8","targetHints":{"allow":["GET"]}}],"collection":[{"href":"https:\/\/www.borneogungdomspsykiater.dk\/index.php?rest_route=\/wp\/v2\/pages"}],"about":[{"href":"https:\/\/www.borneogungdomspsykiater.dk\/index.php?rest_route=\/wp\/v2\/types\/page"}],"author":[{"embeddable":true,"href":"https:\/\/www.borneogungdomspsykiater.dk\/index.php?rest_route=\/wp\/v2\/users\/1"}],"replies":[{"embeddable":true,"href":"https:\/\/www.borneogungdomspsykiater.dk\/index.php?rest_route=%2Fwp%2Fv2%2Fcomments&post=8"}],"version-history":[{"count":67,"href":"https:\/\/www.borneogungdomspsykiater.dk\/index.php?rest_route=\/wp\/v2\/pages\/8\/revisions"}],"predecessor-version":[{"id":271,"href":"https:\/\/www.borneogungdomspsykiater.dk\/index.php?rest_route=\/wp\/v2\/pages\/8\/revisions\/271"}],"wp:attachment":[{"href":"https:\/\/www.borneogungdomspsykiater.dk\/index.php?rest_route=%2Fwp%2Fv2%2Fmedia&parent=8"}],"curies":[{"name":"wp","href":"https:\/\/api.w.org\/{rel}","templated":true}]}}