{"id":87,"date":"2024-12-19T09:37:08","date_gmt":"2024-12-19T09:37:08","guid":{"rendered":"https:\/\/www.borneogungdomspsykiater.dk\/?page_id=87"},"modified":"2024-12-19T10:51:47","modified_gmt":"2024-12-19T10:51:47","slug":"undersoegelse-og-behandling","status":"publish","type":"page","link":"https:\/\/www.borneogungdomspsykiater.dk\/?page_id=87","title":{"rendered":"Unders\u00f8gelse og behandling"},"content":{"rendered":"\t\t<div data-elementor-type=\"wp-page\" data-elementor-id=\"87\" class=\"elementor elementor-87\" data-elementor-post-type=\"page\">\n\t\t\t\t<div class=\"elementor-element elementor-element-4f8a893 e-flex e-con-boxed e-con e-parent\" data-id=\"4f8a893\" data-element_type=\"container\" data-e-type=\"container\">\n\t\t\t\t\t<div class=\"e-con-inner\">\n\t\t\t\t<div class=\"elementor-element elementor-element-709d08f elementor-widget elementor-widget-heading\" data-id=\"709d08f\" data-element_type=\"widget\" data-e-type=\"widget\" data-widget_type=\"heading.default\">\n\t\t\t\t<div class=\"elementor-widget-container\">\n\t\t\t\t\t<h2 class=\"elementor-heading-title elementor-size-default\">Unders\u00f8gelse og behandling<\/h2>\t\t\t\t<\/div>\n\t\t\t\t<\/div>\n\t\t\t\t\t<\/div>\n\t\t\t\t<\/div>\n\t\t<div class=\"elementor-element elementor-element-1281e91 e-flex e-con-boxed e-con e-parent\" data-id=\"1281e91\" data-element_type=\"container\" data-e-type=\"container\">\n\t\t\t\t\t<div class=\"e-con-inner\">\n\t\t\t\t<div class=\"elementor-element elementor-element-28aa31a elementor-widget elementor-widget-text-editor\" data-id=\"28aa31a\" data-element_type=\"widget\" data-e-type=\"widget\" data-widget_type=\"text-editor.default\">\n\t\t\t\t<div class=\"elementor-widget-container\">\n\t\t\t\t\t\t\t\t\t<p><strong>Unders\u00f8gelse og behandling<\/strong><\/p><p>Jeg tilbyder unders\u00f8gelse og behandling af en lang r\u00e6kke b\u00f8rne- og ungdomspsykiatriske tilstande heriblandt:<\/p><ul><li>ADHD<\/li><li>Autisme spektrum forstyrrelse (som Aspergersyndrom, infantil autisme og GUA)<\/li><li>Depression<\/li><li>Angst<\/li><li>OCD<\/li><li>Tics og Tourettes syndrom<\/li><li>Tilknytningsforstyrrelse<\/li><li>Adf\u00e6rdsm\u00e6ssige og f\u00f8lelsesm\u00e6ssige forstyrrelser<\/li><\/ul><p>Ved 1. f\u00f8rste konsultation deltager b\u00e5de barnet\/den unge og s\u00e5 vidt muligt begge for\u00e6ldre. Ved f\u00f8rste samtale gennemg\u00e5r vi de aktuelle udfordringer, og laver en plan for udredningen (unders\u00f8gelsen). Udredningen best\u00e5r af sp\u00f8rgeskemaer og samtaler samt forskellige unders\u00f8gelser med b\u00e5de barnet og for\u00e6ldre samt l\u00e6geunders\u00f8gelse. For\u00e6ldre kommer som regel ogs\u00e5 til en samtale uden barnet med fokus p\u00e5 barnets udvikling (anamnese). N\u00e5r udredningen er f\u00e6rdig, afholdes der en samtale, hvor jeg gennemg\u00e5r konklusionen. Evt. laves der ogs\u00e5 en skriftlig konklusion, der udleveres til for\u00e6ldrene.<br \/><br \/>Ofte samarbejdes der ogs\u00e5 med skolepsykolog (PPR), skole og institution samt evt. sagsbehandler med henblik p\u00e5 at sikre barnets fremadrettede udvikling og trivsel bedst muligt. Hvis der er behov, er der mulighed for at afholde et netv\u00e6rksm\u00f8de i klinikken, hvor unders\u00f8gelsesresultaterne formidles til de relevante samarbejdspartnere. Efter en grundig udredning kan behandlingen f.eks. best\u00e5 af:<\/p><ul><li>Samtalebehandling i form af st\u00f8ttende samtaler.<\/li><li>Psykoedukation (individuel r\u00e5dgivning til hhv. barnet samt for\u00e6ldre).<\/li><li>Medicinsk behandling.<\/li><li>Kognitiv adf\u00e6rdsterapi med barnet og\/eller med for\u00e6ldre.<\/li><\/ul>\t\t\t\t\t\t\t\t<\/div>\n\t\t\t\t<\/div>\n\t\t\t\t\t<\/div>\n\t\t\t\t<\/div>\n\t\t<div class=\"elementor-element elementor-element-3352ab4 e-flex e-con-boxed e-con e-parent\" data-id=\"3352ab4\" data-element_type=\"container\" data-e-type=\"container\">\n\t\t\t\t\t<div class=\"e-con-inner\">\n\t\t\t\t<div class=\"elementor-element elementor-element-950cd58 elementor-widget elementor-widget-image\" data-id=\"950cd58\" data-element_type=\"widget\" data-e-type=\"widget\" data-widget_type=\"image.default\">\n\t\t\t\t<div class=\"elementor-widget-container\">\n\t\t\t\t\t\t\t\t\t\t\t\t\t\t\t<img fetchpriority=\"high\" decoding=\"async\" width=\"370\" height=\"247\" src=\"https:\/\/www.borneogungdomspsykiater.dk\/wp-content\/uploads\/2024\/12\/Ventevaerelse.png\" class=\"attachment-medium_large size-medium_large wp-image-156\" alt=\"\" srcset=\"https:\/\/www.borneogungdomspsykiater.dk\/wp-content\/uploads\/2024\/12\/Ventevaerelse.png 370w, https:\/\/www.borneogungdomspsykiater.dk\/wp-content\/uploads\/2024\/12\/Ventevaerelse-300x200.png 300w\" sizes=\"(max-width: 370px) 100vw, 370px\" \/>\t\t\t\t\t\t\t\t\t\t\t\t\t\t\t<\/div>\n\t\t\t\t<\/div>\n\t\t\t\t<div class=\"elementor-element elementor-element-ad231a9 elementor-widget elementor-widget-spacer\" data-id=\"ad231a9\" data-element_type=\"widget\" data-e-type=\"widget\" data-widget_type=\"spacer.default\">\n\t\t\t\t<div class=\"elementor-widget-container\">\n\t\t\t\t\t\t\t<div class=\"elementor-spacer\">\n\t\t\t<div class=\"elementor-spacer-inner\"><\/div>\n\t\t<\/div>\n\t\t\t\t\t\t<\/div>\n\t\t\t\t<\/div>\n\t\t\t\t\t<\/div>\n\t\t\t\t<\/div>\n\t\t\t\t<\/div>\n\t\t","protected":false},"excerpt":{"rendered":"<p>Unders\u00f8gelse og behandling Unders\u00f8gelse og behandling Jeg tilbyder unders\u00f8gelse og behandling af en lang r\u00e6kke b\u00f8rne- og ungdomspsykiatriske tilstande heriblandt: ADHD Autisme spektrum forstyrrelse (som Aspergersyndrom, infantil autisme og GUA) Depression Angst OCD Tics og Tourettes syndrom Tilknytningsforstyrrelse Adf\u00e6rdsm\u00e6ssige og f\u00f8lelsesm\u00e6ssige forstyrrelser Ved 1. f\u00f8rste konsultation deltager b\u00e5de barnet\/den unge og s\u00e5 vidt muligt begge [&hellip;]<\/p>\n","protected":false},"author":1,"featured_media":0,"parent":0,"menu_order":0,"comment_status":"closed","ping_status":"closed","template":"","meta":{"footnotes":""},"class_list":["post-87","page","type-page","status-publish","hentry"],"_links":{"self":[{"href":"https:\/\/www.borneogungdomspsykiater.dk\/index.php?rest_route=\/wp\/v2\/pages\/87","targetHints":{"allow":["GET"]}}],"collection":[{"href":"https:\/\/www.borneogungdomspsykiater.dk\/index.php?rest_route=\/wp\/v2\/pages"}],"about":[{"href":"https:\/\/www.borneogungdomspsykiater.dk\/index.php?rest_route=\/wp\/v2\/types\/page"}],"author":[{"embeddable":true,"href":"https:\/\/www.borneogungdomspsykiater.dk\/index.php?rest_route=\/wp\/v2\/users\/1"}],"replies":[{"embeddable":true,"href":"https:\/\/www.borneogungdomspsykiater.dk\/index.php?rest_route=%2Fwp%2Fv2%2Fcomments&post=87"}],"version-history":[{"count":20,"href":"https:\/\/www.borneogungdomspsykiater.dk\/index.php?rest_route=\/wp\/v2\/pages\/87\/revisions"}],"predecessor-version":[{"id":193,"href":"https:\/\/www.borneogungdomspsykiater.dk\/index.php?rest_route=\/wp\/v2\/pages\/87\/revisions\/193"}],"wp:attachment":[{"href":"https:\/\/www.borneogungdomspsykiater.dk\/index.php?rest_route=%2Fwp%2Fv2%2Fmedia&parent=87"}],"curies":[{"name":"wp","href":"https:\/\/api.w.org\/{rel}","templated":true}]}}